{"id":614,"date":"2024-11-14T11:59:02","date_gmt":"2024-11-14T10:59:02","guid":{"rendered":"https:\/\/antiqueandco.be\/?post_type=product&#038;p=614"},"modified":"2024-12-17T16:54:35","modified_gmt":"2024-12-17T15:54:35","slug":"decoration-chinoise","status":"publish","type":"product","link":"https:\/\/antiqueandco.be\/?product=decoration-chinoise","title":{"rendered":"D\u00e9coration chinoise"},"content":{"rendered":"","protected":false},"excerpt":{"rendered":"<p>Superbes panneaux chinois datant des ann\u00e9es 1950, r\u00e9alis\u00e9s \u00e0 la main avec une grande attention aux d\u00e9tails et orn\u00e9s de feuilles d&rsquo;or, qui apportent un \u00e9clat somptueux et intemporel.<\/p>\n<p><strong>Caract\u00e9ristiques :<\/strong><\/p>\n<ol>\n<li><strong>Authenticit\u00e9<\/strong> : Pi\u00e8ces artisanales uniques, issues de l&rsquo;art d\u00e9coratif traditionnel chinois.<\/li>\n<li><strong>Qualit\u00e9<\/strong> : Feuilles d\u2019or appliqu\u00e9es \u00e0 la main pour un rendu lumineux et pr\u00e9cieux.<\/li>\n<li><strong>Motifs Traditionnels<\/strong> :\n<ul>\n<li>Panneau gauche : Sc\u00e8ne avec deux personnages f\u00e9minins en v\u00eatements traditionnels, sous un arbre en fleurs, symbole de gr\u00e2ce et de beaut\u00e9.<\/li>\n<li>Panneau droit : Paysage naturel avec v\u00e9g\u00e9tation luxuriante, fleurs et animaux, d\u00e9gageant une atmosph\u00e8re de paix et de s\u00e9r\u00e9nit\u00e9.<\/li>\n<\/ul>\n<\/li>\n<li><strong>\u00c9tat<\/strong> : Tr\u00e8s belle qualit\u00e9 avec quelques l\u00e9g\u00e8res traces d&rsquo;usure li\u00e9es \u00e0 l&rsquo;\u00e2ge, qui ajoutent au charme vintage de ces pi\u00e8ces.<\/li>\n<\/ol>\n<p>Ces panneaux apporteront une touche d\u2019\u00e9l\u00e9gance asiatique \u00e0 tout int\u00e9rieur, qu&rsquo;il s&rsquo;agisse d&rsquo;une r\u00e9sidence priv\u00e9e ou d&rsquo;un espace commercial.<\/p>\n<p><strong>Id\u00e9al pour<\/strong> : Collectionneurs d&rsquo;art asiatique, amateurs de d\u00e9coration vintage ou toute personne souhaitant ajouter une pi\u00e8ce unique et raffin\u00e9e \u00e0 leur int\u00e9rieur.<\/p>\n<p><strong>Contact<\/strong> : Pour plus de d\u00e9tails veuillez me contacter par mail ou t\u00e9l\u00e9phone.<\/p>\n<p><strong>Prix : 600euro<\/strong><\/p>\n","protected":false},"featured_media":615,"template":"","meta":{"site-sidebar-layout":"default","site-content-layout":"","ast-site-content-layout":"default","site-content-style":"default","site-sidebar-style":"default","ast-global-header-display":"","ast-banner-title-visibility":"","ast-main-header-display":"","ast-hfb-above-header-display":"","ast-hfb-below-header-display":"","ast-hfb-mobile-header-display":"","site-post-title":"","ast-breadcrumbs-content":"","ast-featured-img":"","footer-sml-layout":"","theme-transparent-header-meta":"default","adv-header-id-meta":"","stick-header-meta":"","header-above-stick-meta":"","header-main-stick-meta":"","header-below-stick-meta":"","astra-migrate-meta-layouts":"set","ast-page-background-enabled":"default","ast-page-background-meta":{"desktop":{"background-color":"var(--ast-global-color-4)","background-image":"","background-repeat":"repeat","background-position":"center center","background-size":"auto","background-attachment":"scroll","background-type":"","background-media":"","overlay-type":"","overlay-color":"","overlay-gradient":""},"tablet":{"background-color":"","background-image":"","background-repeat":"repeat","background-position":"center center","background-size":"auto","background-attachment":"scroll","background-type":"","background-media":"","overlay-type":"","overlay-color":"","overlay-gradient":""},"mobile":{"background-color":"","background-image":"","background-repeat":"repeat","background-position":"center center","background-size":"auto","background-attachment":"scroll","background-type":"","background-media":"","overlay-type":"","overlay-color":"","overlay-gradient":""}},"ast-content-background-meta":{"desktop":{"background-color":"var(--ast-global-color-5)","background-image":"","background-repeat":"repeat","background-position":"center center","background-size":"auto","background-attachment":"scroll","background-type":"","background-media":"","overlay-type":"","overlay-color":"","overlay-gradient":""},"tablet":{"background-color":"var(--ast-global-color-5)","background-image":"","background-repeat":"repeat","background-position":"center center","background-size":"auto","background-attachment":"scroll","background-type":"","background-media":"","overlay-type":"","overlay-color":"","overlay-gradient":""},"mobile":{"background-color":"var(--ast-global-color-5)","background-image":"","background-repeat":"repeat","background-position":"center center","background-size":"auto","background-attachment":"scroll","background-type":"","background-media":"","overlay-type":"","overlay-color":"","overlay-gradient":""}}},"product_cat":[27],"product_tag":[],"class_list":{"0":"post-614","1":"product","2":"type-product","3":"status-publish","4":"has-post-thumbnail","6":"product_cat-deco-interieure","7":"desktop-align-left","8":"tablet-align-left","9":"mobile-align-left","10":"ast-product-gallery-layout-horizontal-slider","11":"ast-product-tabs-layout-horizontal","13":"first","14":"instock","15":"shipping-taxable","16":"product-type-simple"},"jetpack_sharing_enabled":true,"_links":{"self":[{"href":"https:\/\/antiqueandco.be\/index.php?rest_route=\/wp\/v2\/product\/614","targetHints":{"allow":["GET"]}}],"collection":[{"href":"https:\/\/antiqueandco.be\/index.php?rest_route=\/wp\/v2\/product"}],"about":[{"href":"https:\/\/antiqueandco.be\/index.php?rest_route=\/wp\/v2\/types\/product"}],"wp:featuredmedia":[{"embeddable":true,"href":"https:\/\/antiqueandco.be\/index.php?rest_route=\/wp\/v2\/media\/615"}],"wp:attachment":[{"href":"https:\/\/antiqueandco.be\/index.php?rest_route=%2Fwp%2Fv2%2Fmedia&parent=614"}],"wp:term":[{"taxonomy":"product_cat","embeddable":true,"href":"https:\/\/antiqueandco.be\/index.php?rest_route=%2Fwp%2Fv2%2Fproduct_cat&post=614"},{"taxonomy":"product_tag","embeddable":true,"href":"https:\/\/antiqueandco.be\/index.php?rest_route=%2Fwp%2Fv2%2Fproduct_tag&post=614"}],"curies":[{"name":"wp","href":"https:\/\/api.w.org\/{rel}","templated":true}]}}